 prime factors of u?
37
What are the prime factors of (16/(-10) - 4)*-10?
2, 7
Let v be (-6)/4*2*1. Let f(u) = -u**3 - 3*u**2. Let b be f(v). Suppose -d - 3 = 0, b*a - 5*d + 4 = a. List the prime factors of a.
19
Suppose -2*r + 25 + 14 = u, 2*r + 5*u - 43 = 0. What are the prime factors of r?
19
Let m(y) = -y**2 - 14*y + 9. List the prime factors of m(-6).
3, 19
Let p(i) = i**2 + 9*i - 7. Let b(x) = -2*x**3 + 2*x**2 - 2*x + 2. Let n be b(2). List the prime factors of p(n).
3
Let i = 29 - 51. Let d = -9 - i. What are the prime factors of d?
13
What are the prime factors of (-2 - (-1 + 0))*-9?
3
Suppose 4*s = -5*j + 21, 0*s + 4*s - j - 15 = 0. Suppose p = s*p + 9. List the prime factors of (-29)/(-4) - p/(-12).
7
Let f(h) = -2*h**2 + 2. Let a be f(2). Let k = 25 + a. List the prime factors of k.
19
Let b be (-3)/(-1)*(-606)/(-18). Let q = b + -61. What are the prime factors of q?
2, 5
List the prime factors of 10/4*420/14.
3, 5
Let c(d) = -33*d**3 + 3*d**2 + 8*d + 8. What are the prime factors of c(-2)?
2, 67
List the prime factors of (9/(-2))/(5 + (-92)/16).
2, 3
Suppose -30 = 5*o - 3*k, -4*o - 3*k + 0*k = -3. Let i = -10 + 15. Let r = i - o. List the prime factors of r.
2
Let n(j) = j**3 + 5*j**2 - j - 1. What are the prime factors of n(-4)?
19
Let b = 1 - -1. Let f be (b - 2/4)*-4. List the prime factors of (-4)/f*1*12.
2
Let l = -23 + 25. Suppose 0*t = -l*t + 4. What are the prime factors of t?
2
Suppose 0*k + 3 = 3*k. Suppose -2*y - k + 53 = 0. List the prime factors of y.
2, 13
Let n(b) = -b**2 - 4. Suppose -1 = 3*z - 2*s, 4*z + 2*s - 32 = -2*s. Let y be n(z). Let w = -7 - y. What are the prime factors of w?
2, 3
Let o(q) = -2*q**3 + 5*q**2 - 3*q + 2. Let l be o(3). List the prime factors of 81/4 + 4/l.
2, 5
Let q = -4 - -9. Suppose 0 = q*k - 81 - 29. List the prime factors of k.
2, 11
Let h(m) = m + 17. Let j be h(-7). Let l = j - 0. List the prime factors of l.
2, 5
Let m(p) = -10*p - 1. What are the prime factors of m(-6)?
59
What are the prime factors of 7/(21/135) + 0?
3, 5
Let o(m) be the second derivative of -5*m**3/6 - 6*m**2 + 6*m. List the prime factors of o(-10).
2, 19
Suppose 44 = 5*z + m, 2*z - 24 = -m - m. Suppose -5*q - z = -3*q, q - 140 = -4*w. List the prime factors of w.
2, 3
Let v be 4/(-36)*3*-18. Suppose o = -v*o + 406. What are the prime factors of o?
2, 29
List the prime factors of 12424/40 - (-3)/(45/6).
311
What are the prime factors of (-23*4)/((8/(-3))/4)?
2, 3, 23
Let l = -287 + 159. What are the prime factors of (-8)/2 + l/(-4)?
2, 7
Suppose -40 = -a - 4*a. Suppose -a*o = -7*o - 8. What are the prime factors of o?
2
Suppose 2*a + a = 210. List the prime factors of a.
2, 5, 7
Let d(c) = c**3 + 5*c**2 - 7*c - 4. What are the prime factors of d(-4)?
2, 5
Let b(o) = -2*o**2 - 7*o + 9. Let l be b(-7). List the prime factors of l*3/((-45)/6).
2
Suppose -2*c + 18 = 4*w, -2*w = -5*c + 1 - 4. Let k(m) = 3 + 2 - w + 2*m + 4*m**2. What are the prime factors of k(-2)?
13
Suppose -n + 206 = n. List the prime factors of n.
103
Let y = -229 + 338. List the prime factors of y.
109
Let p(t) be the third derivative of t**5/60 - t**4/8 - 7*t**3/6 + t**2. List the prime factors of p(6).
11
Let o(f) = 112*f**2 + f - 2. What are the prime factors of o(1)?
3, 37
Suppose -50 - 50 = -2*b + 2*d, -3*b = -d - 160. List the prime factors of b.
5, 11
Suppose 0 = 2*o, 0*o - 252 = -3*r + o. Suppose 2*v - r = -2*v. Suppose v = 4*n + 1. List the prime factors of n.
5
Let w(p) = -p - 1. Let m be w(-4). Suppose -y - 4 + 0 = -x, -y + 28 = m*x. What are the prime factors of x?
2
Let w(l) be the first derivative of l**4/4 + 7*l**3/3 + 5*l**2/2 + 9*l - 1. Let q(k) = -5*k + 19. Let d be q(5). What are the prime factors of w(d)?
3, 5
Let a = -4 - -81. What are the prime factors of a?
7, 11
Suppose u + 0*b = 4*b + 58, 4*u = -b + 249. What are the prime factors of u?
2, 31
Suppose -4*c + 67 + 153 = 0. Let h = -37 + c. Suppose -h = -q - q. List the prime factors of q.
3
Let u = 14 + -9. Let q(w) = -w**3 + 7*w**2 - 6*w - 7. List the prime factors of q(u).
13
Suppose -4 = -u - u - g, 5*u = -2*g + 8. Let c = 6 - u. List the prime factors of c.
2, 3
Let d(u) be the third derivative of 0*u + 0 - u**2 + 0*u**3 + 1/3*u**4. What are the prime factors of d(1)?
2
Suppose 4*t + 65 = -3*k + 456, -3*k + 392 = 5*t. What are the prime factors of k?
3, 43
Let v be 2/9 + (-4)/18. Suppose -5*k + 210 = -v*k. What are the prime factors of k?
2, 3, 7
Let n = 7 + -15. Let z be ((-3)/2)/(1/n). Suppose 40 = 3*r + g, -3*r + 4 + z = -5*g. List the prime factors of r.
2, 3
List the prime factors of (1 - 1) + -5 + 54.
7
Let w(k) be the first derivative of -3*k**2 - k + 1. Suppose 2*r - 6 = 2*g, -4*r + 3*r - 3 = 2*g. What are the prime factors of w(g)?
11
Let d be (-5)/(0 + 1) - -3. Let y be (0 - -3) + d + -1. What are the prime factors of (-19 + (-2 - y))/(-1)?
3, 7
Let x(w) = w - 5. Let a be x(9). Suppose a*u - 60 = -8. What are the prime factors of u?
13
Suppose -2*x + 4 = -w, -5*x + 24 = w - 0. Let o be -1*w*(2 + -6). Suppose -24 = -t - 5*a, 2*t + 5*a - 12 = o. List the prime factors of t.
2
Let t be -141 - (1 + -2 - 3). Let c = -90 - t. List the prime factors of c.
47
Let p be (6/(-8))/(-3)*4. Let y(b) = 5*b**2 + 2*b - 1. Let g be y(p). Suppose 0 = n - g - 7. List the prime factors of n.
13
Let h(x) = x**2 - 7*x - 10. Let o be h(7). Let f = -5 - o. Suppose 0 = -f*u + 10 - 0. List the prime factors of u.
2
Let b = -8 + 8. List the prime factors of 9 - 3/(-9)*b.
3
Let r(j) = j**2 + 3*j - 2. Let t(z) = z**3 - 4*z**2 + 3*z - 1. Let i be t(2). Let b be r(i). What are the prime factors of (0 - 1)/(b/6)?
3
Suppose 13 = -0*l - 5*l - 2*x, -3*x = l. Let u(y) = -y**2 + 2*y + 7. Let q be u(5). Let m = l - q. What are the prime factors of m?
5
Let x(m) = 5*m + 11. Let p(c) = 45*c + 100. Let r(t) = -6*p(t) + 55*x(t). Let h be r(-7). Let q = -13 - h. What are the prime factors of q?
17
Suppose -4 = 3*n - o, 3*o = 4*n - o + 16. Suppose n*q - q = 0. Suppose -4*f = -q*f - 28. What are the prime factors of f?
7
Suppose -f = 2*c + 7, -3*c = -8*c + 2*f - 40. What are the prime factors of (c + 3)/(6/(-4))?
2
Suppose -4*s + 1 + 21 = o, 4*s - 24 = -2*o. Suppose 21 = -3*p - 3*u, -4*p + 18 - 48 = s*u. Let m = 2 - p. List the prime factors of m.
7
Suppose 5 = 5*f, 4*m + 0*f - 101 = 3*f. List the prime factors of m.
2, 13
Let u(d) = -2*d**3 + 3*d**2 + d + 1. Let m = -6 - -4. List the prime factors of u(m).
3
List the prime factors of (-114)/(-9)*(3 + 0).
2, 19
Let v = 10 + -10. Suppose v = -2*f + 17 + 3. What are the prime factors of f/25 - 63/(-5)?
13
Let o = 15 + 67. What are the prime factors of o?
2, 41
What are the prime factors of (-836)/(-14) - (-4)/14?
2, 3, 5
Suppose 0*s - s = -5. Suppose s + 6 = i. List the prime factors of i.
11
Let l(u) = -39*u**3 - 2*u**2 + u - 3. What are the prime factors of l(-2)?
13, 23
Suppose s + 21 = 5*p, -13 = 2*p - 4*p + 5*s. Let m = 5 - p. What are the prime factors of (m + 0)/(-1) - -4?
3
Suppose 4*u - u = -2*d + 19, 34 = 5*d + 3*u. Suppose d*i + 3 = s - 0*s, 0 = -2*i. What are the prime factors of s?
3
Let h = -34 + 19. Let o be 6/h + (-32)/(-5). List the prime factors of (-110)/(-9) + o/(-27).
2, 3
Suppose 0 = -5*m + 3*l - 5 + 2, -2*m - 26 = 5*l. Let t(c) = -2*c**3 - 2*c**2 + 5*c + 4. Let a be t(m). Let q = -15 + a. List the prime factors of q.
2, 5
Let k(i) be the first derivative of i**6/120 + i**5/20 - i**4/12 + i**2/2 - 2. Let q(l) be the second derivative of k(l). What are the prime factors of q(-3)?
2, 3
Suppose 4*p + 2*m - m = -16, 4*p + 5*m = -32. Suppose 2 - 6 = 4*r. What are the prime factors of (-9 - p)/(-3 - r)?
3
Let j(n) be the third derivative of 1/60*n**5 + 3/8*n**4 + 1/2*n**3 + 0*n + 0 - n**2. List the prime factors of j(-9).
3
Let u(k) = 29*k**2 - 2*k - 1. Let w be u(-1). List the prime factors of (-10)/4*w/(-5).
3, 5
What are the prime factors of 1/(-2) - 2715/(-30)?
2, 3, 5
What are the prime factors of ((-30)/(-8))/(1/12)?
3, 5
Let m be 7/5 - 2/5. Suppose 5*p + 2*u - 70 = -0*p, 0 = p + 3*u - m. List the prime factors of p/10 - (-8)/20.
2
Suppose -p - 2*c = -91, 2*p - c = c + 206. What are the prime factors of p?
3, 11
Suppose 5*o + 0*o + 3*x - 13 = 0, -2*o - 5*x = -9. Suppose -5*z - 34 = -i, -3*i - o*z + 3 + 31 = 0. What are the prime fac